 18*a**2 + 2*a - y*a**2 + 54*a**2. Calculate d(-5).
-13
Let p(q) = -q**2 + 5. Let n be p(2). Let j = n - -13. Suppose 3*f = 4*k - 34, -5*k + f - j + 51 = 0. Let h(w) = -w + 2. What is h(k)?
-5
Let y(b) = -b**3 + 7*b**2 - 6*b - 1. Let n(f) = f**3 + 3*f - 3. Let c be n(3). Suppose 2*o + 5*s - 2 = 0, s = 5*o - c + 1. Calculate y(o).
-1
Let l(x) = -2. Let v(j) = -j + 11. Let s(y) = 3*l(y) + v(y). Determine s(-13).
18
Let v(s) = -s**3 - 6*s**2 - s - 8. Let i be (3/9)/(0 + 1/9). Suppose -2*o - 4*z - 10 = -2, 2*z = -i*o - 16. Calculate v(o).
-2
Let q(j) be the third derivative of j**6/120 + 2*j**5/15 - 11*j**4/24 - 2*j**3 - 6*j**2. What is q(-9)?
6
Let p(v) = -43*v + 58. Let j(h) = -10*h + 15. Let y(c) = 9*j(c) - 2*p(c). Give y(4).
3
Let d(p) = -p - 6. Suppose -5*z - 3*q + 82 = 0, 4*z - q = -5*q + 72. Let f = z - 20. Determine d(f).
0
Let v(c) be the third derivative of c**6/120 + 7*c**5/60 + 7*c**4/24 + 5*c**3/6 + 10*c**2 + 2. Suppose 3*t - 9 = -0*t, -5*t = 3*b + 3. What is v(b)?
-1
Suppose 9 = 2*v - 7. Let h(s) = v*s + 4*s**2 - 2*s**2 - 5*s**2 + 2*s**2 - 6. Determine h(6).
6
Let k(b) = 3*b - 6. Suppose -q - 3*q + 642 = 5*d, 0 = -3*d + q + 392. Let m = d - 90. Let u be (-48)/m*(-20)/6. Give k(u).
6
Let w(l) be the third derivative of -l**7/840 + l**5/120 + 5*l**4/24 + 5*l**3/6 - 11*l**2. Let a(n) be the first derivative of w(n). Calculate a(0).
5
Let p = -6 + 8. Let v(g) = -g**2 + 2*g**p + 2*g - g + 9 - 2*g. Let x be (2 + 1/(-1))*0. Calculate v(x).
9
Let a(l) = 3*l + 2. Let y = 2123 + -2125. Give a(y).
-4
Let a(k) = -20 + 0 + 247*k - 246*k. Determine a(0).
-20
Let m = 1033 - 3098/3. Let n(j) be the first derivative of 0*j + m*j**3 - j**2 + 1. What is n(2)?
0
Let j(n) = -n + 1. Suppose t + 3 - 1 = 0. Let d be -1 - t/(-4)*-10. Let y be (-297)/(-44) - (-1)/d. Determine j(y).
-6
Suppose 4*z = q - 22, q + 2*z = 5*z + 18. Let m(v) be the third derivative of v**5/60 - 7*v**4/24 + 4*v**3/3 + 631*v**2. Give m(q).
2
Let r(k) = -11*k**2 + k - 2. Let d(y) = 9*y**2 - y + 1. Let m(s) = 5*d(s) + 4*r(s). What is m(-3)?
9
Let f(t) = 2*t + 1. Let g(s) = -40*s - 4. Let q(a) = -3*f(a) - g(a). Give q(1).
35
Let f = 4 + -7. Let g(m) = m**3 + 3*m**2 - m. Let c be g(f). Let w(b) = -c - 3 + 1 + 3 - 4*b. Determine w(-2).
6
Let b(c) = -3*c**2 + 8*c - 5. Suppose 3*d + 2*y + 2 + 41 = 0, -y + 39 = -4*d. Let x(o) = o**2 - 3*o + 2. Let h(m) = d*x(m) - 4*b(m). Give h(2).
4
Let x(l) = -l**3 - 8*l**2 - 7*l - 4. Let c(k) = -k - 10. Let o be c(-3). What is x(o)?
-4
Let k(n) be the third derivative of -n**3/6 - 7*n**2. Let z(q) = q + 15. Let m(j) = 4*k(j) + z(j). What is m(-8)?
3
Let u(t) = 0*t + t - 90 + 84. Let c be u(3). Let q(a) = -a + 2. Let x(z) = -1. Let w(g) = q(g) + 3*x(g). Give w(c).
2
Let r(z) = 207*z + 214*z - 418*z + 1. Let f(c) = -c**3 + 14*c**2 - 14*c + 10. Let s be f(13). Give r(s).
-8
Let g be -2 - ((-3)/(-2) - 1)*6. Let h(z) = -3*z + 8*z - 5*z - 7*z - 1. Let s(i) = -8*i. Let m(u) = 6*h(u) - 5*s(u). Calculate m(g).
4
Let k(f) = f**3 + 2*f**2 - 4*f + 2. Suppose -37 + 23 = -7*p. Determine k(p).
10
Let t(s) be the third derivative of -s**5/12 + 11*s**4/24 + s**3/6 - 2*s**2. Let x(d) = -4*d**2 + 10*d + 1. Let q(z) = -5*t(z) + 6*x(z). What is q(-5)?
1
Let x(i) = i**2 + 2*i - 4. Let o be x(4). Suppose -p - 4*p + o = 0. Let w(t) = -2 - 6 + 10 - 1 + 2*t - 6. Determine w(p).
3
Let i(b) be the second derivative of b**3 + b**2/2 + 106*b. Calculate i(1).
7
Suppose 0 = 12*s - 15*s - 3. Let u(d) = -6*d**2 + 4*d. Let v(a) = 5*a**2 - 3*a. Let m(i) = 3*u(i) + 4*v(i). What is m(s)?
2
Let d = -7 + 10. Suppose d*i - 4 = 2. Let s be (i/(-2))/((-2)/10). Let k(f) = f**3 - 4*f**2 - 4*f - 7. What is k(s)?
-2
Let a(b) be the second derivative of b**5/20 + b**4/2 + b**3/2 - 7*b**2/2 + 6*b. Suppose -11 - 29 = -4*w. Let m = w - 15. Determine a(m).
3
Let w(c) = c**3 - 18*c**2 + 14*c + 51. Let d be w(17). Let n(b) be the second derivative of d + 2*b**2 + 4*b + 1/3*b**3. Determine n(-6).
-8
Suppose 2*h - 10 = -0*h. Suppose 3*z - h = 1. Let k(x) = -3*x + 9 - 13 + z*x. Calculate k(-6).
2
Let a be (13*-1 + 2)/((-2)/14). Let q(g) = 79*g - 6 - 154*g + a*g. Give q(4).
2
Suppose -3*x - 3*l + 0 = 3, 2*x + 3*l + 4 = 0. Let f(i) be the first derivative of -2*i**2 - 1/3*i**3 - 5*i - x. What is f(-4)?
-5
Let a(s) = -s - 2. Let u(h) = -h**2 + 7*h + 7. Let n be u(8). Let j be a(n). Let d(t) = -5*t**2. Give d(j).
-5
Let i(n) be the first derivative of -n**5/120 - 5*n**3/3 + 3. Let h(f) be the third derivative of i(f). What is h(0)?
0
Suppose -16 = -l - 5*j, -l + j + 4*j - 4 = 0. Let q(c) be the second derivative of c**3/6 + 5*c**2/2 + 33*c. Give q(l).
11
Let x(a) be the first derivative of -3*a - 14*a**2 + 6 + a**2 + 2*a + 10*a**2. What is x(2)?
-13
Let f(a) be the third derivative of -a**6/120 - a**5/15 - a**4/8 - 6*a**2 + 6*a. Calculate f(-2).
-2
Let q be 1*(-5)/((-30)/(-18)). Let h(s) = 96*s - 2 - 4*s**2 - 98*s - 2*s**3 + s**3. Determine h(q).
-5
Let n(o) = 1 - 3 - 3*o + 6*o + 0. Let k = -99 - -105. What is n(k)?
16
Let l(u) be the third derivative of u**5/10 + u**4/8 - u**3/2 + 22*u**2 + u. What is l(1)?
6
Let y(a) = a + 2. Let g(d) = -29*d - 269. Let s be g(-9). Determine y(s).
-6
Let q(r) = -21*r + 6. Suppose 0*s = 2*y + 2*s + 2, -5*s = -3*y - 19. Let j(f) = f - 2. Let u(i) = y*j(i) - q(i). Give u(1).
18
Let g(x) = 2*x + 6. Suppose -33 = -4*b + 5*h, -h - 3 - 2 = 0. Suppose -t + 4*t - 3*k = 0, -t = 3*k - 8. Suppose -b*c - 16 = t*c. What is g(c)?
-2
Let o(y) = 10 + 2*y**2 - 379*y + 1 - 7 + 394*y. Give o(-7).
-3
Let r be 1 - 100/(-26) - (-26)/169. Let g(s) = s**2 - 6*s. Determine g(r).
-5
Let k(j) = -2*j**3 + 3*j**2 + 3*j + 4. Let i(z) = 635*z**2 - 635*z**2 + z + z**3. Let o be 1 + -1 + (-1 - 0). Let r(f) = o*k(f) - i(f). What is r(4)?
-4
Let n be (2 + 5)*(-40)/(-28). Suppose 0 = z + 11 - n. Let q(f) = 5*f**2 - f. Calculate q(z).
6
Let u(q) be the first derivative of 3*q - 5/3*q**3 - 26 + 1/2*q**2 + 1/2*q**4. Determine u(3).
15
Let m(l) be the second derivative of l**6/360 - l**5/30 + l**4/8 - 14*l**3/3 + 38*l. Let z(o) be the second derivative of m(o). Give z(5).
8
Let x(k) = 7*k**2 - 9*k + 7. Suppose 122*j - 119*j = 3. Give x(j).
5
Let d(b) = -13*b - 18. Let x(u) = -18*u - 28. Let y(l) = -7*d(l) + 5*x(l). Suppose 0*f = -5*f. What is y(f)?
-14
Let l(p) be the first derivative of -4*p**3/3 - p**2 + 2*p - 413. Give l(-2).
-10
Let u(s) be the second derivative of s**3/6 + 9*s**2/2 + 146*s. Calculate u(-4).
5
Suppose 5*c - 10 = -0*c. Let w(u) = -2*u**2 + 2*u - 2. Let m be w(c). Let d(g) = g**2 + 5*g - 8. Give d(m).
-2
Suppose 8*f + 31 = 4*z + 13*f, -3*z = f - 15. Let p(t) = -2*t**2 + 2*t - 2. What is p(z)?
-26
Let y(o) = -2*o + 12. Let g(i) = i - 4. Let r(c) = -8*g(c) - 3*y(c). Let a be 1 + (-3 - 3)/1. Determine r(a).
6
Let b(d) = -d**2 + 6*d - 2. Let z = -710 - -715. Determine b(z).
3
Let q(h) = -h**3 - h**2 + h. Let j be -3 - -2 - (1 + -5). Suppose 1 + j = 2*x. Determine q(x).
-10
Suppose -3 = -6*c + 9. Let p(o) = -c - 3*o + 9*o**2 + 4*o + 3 + 0. What is p(-1)?
9
Let i(b) = -b**3 - 6*b**2 + 6*b - 1. Suppose -7*q + 27 = -4*q. Suppose g = 2 - q. Determine i(g).
6
Suppose 3 - 3 = 5*m. Let z(t) = -t**2 - 2 - t**2 - 4*t + m + t. Calculate z(-2).
-4
Let c be (120/540)/((-2)/(-36)). Let x(n) = n**2 - 6*n + 14. Give x(c).
6
Suppose -6*n + 13 - 1 = 0. Let z(s) = -17 + 7*s - s**n + s + 21. What is z(6)?
16
Suppose 2*y + 2*i - 7 = -y, 0 = 5*y + 2*i - 13. Let b(j) = -2*j**3 + 3*j**2 + 2*j. Give b(y).
-21
Let u(s) = s - 11. Suppose -2*w = 5*x + 51, -w - 8 = 3*x + 23. What is u(x)?
-22
Let z(h) = -5*h - 20*h - 1 + 5*h + 33*h + h. Suppose 1 = 4*w - 3. Give z(w).
13
Let w(r) = -7*r - 2. Let c(h) be the second derivative of -4*h**3/3 - 3*h**2/2 + 5*h. Let t(n) = 4*c(n) - 5*w(n). Determine t(3).
7
Let j(q) = q**2 - 10*q - 3. Let i be 116/10 + 30/(-50). What is j(i)?
8
Suppose 8*i + 8 = -8. Let m(q) = -3*q**2 - 5*q - 6. Let j be m(i). Let d(u) = 2*u + 8. Calculate d(j).
-8
Let s = -6 + 12. Let t(p) = -p - 2. Let d(k) = -5*k - 18. Let y(a) = -d(a) + 6*t(a). Give y(s).
0
Suppose 0 = 19*h + 7*h. Let g(d) be the first derivative of 4 + 1/2*d**2 + h*d**3 + 0*d - 3/4*d**4. Determine g(-1).
2
Let v(c) = 3 - 4*c - 982*c**2 + 5*c**3 + 1955*c**2 - 973*c**2. Calculate v(2).
35
Let t(s) = s - 14. Suppose 2*c - 12 = -0*c. Let y(r) = -1. Let